 + 11*o**3/3 - 9*o**2 + 710*o + 2. Give y(17).
67
Let d(y) = -y + 6. Let f(b) = 3*b - 51 + 26 + 48 + 82. Let r be f(-35). Calculate d(r).
6
Suppose 0 = -q - 34 + 36. Let y(p) = -2*p - 1 + 8*p**2 + p + 3*p**2 - 10*p**2. Calculate y(q).
1
Let x(i) be the second derivative of i**8/6720 - i**7/840 - i**6/144 - i**5/60 + 23*i**4/3 + 5*i - 9. Let k(d) be the third derivative of x(d). Calculate k(4).
-6
Let i(a) = -5*a + 17*a**2 + 7*a**3 + 15*a**2 - 15*a**2 + 15*a - 17. Let z(j) = -6*j**3 - 16*j**2 - 10*j + 16. Let l(p) = 5*i(p) + 6*z(p). Calculate l(-10).
11
Let f(p) = 145*p + 3. Suppose 5*t + 4*g - 9 = 0, 0 = 5*t + 1331*g - 1336*g. What is f(t)?
148
Let z(v) be the third derivative of -v**8/6720 - v**7/360 + v**6/80 + v**5/60 - v**4/24 + 66*v**2. Let o(q) be the second derivative of z(q). What is o(-8)?
-6
Let h(o) = -77*o**2 + 7*o + 78. Let m(r) = -64*r**2 + 6*r + 78. Let p(t) = -5*h(t) + 6*m(t). Determine p(0).
78
Let u(m) = m**3 + 2*m - 1. Let v = -2154 + 2149. Let h(x) = -9*x**2 - x**3 + 0 - 4 - x**3 + 4*x. Let i be h(v). Determine u(i).
2
Let z(p) = -p**2 - 11*p - 24. Let m be (-6)/3*-1 + 2. Let u be (m/(-6))/((-5)/(-60)). Let y be z(u). Let x(b) = -b**3 + b**2 + 17. Determine x(y).
17
Let y(b) be the third derivative of b**5/15 + 5*b**4/12 + 7*b**3/6 + 13*b**2 + 10*b. Determine y(-2).
3
Suppose -6*m = -m - 15. Let i(b) = 7*b**2 + 2*b - 13. Let t(u) = -5*u**2 - u + 9. Let c(n) = 4*i(n) + 6*t(n). Give c(m).
-10
Let b(p) be the first derivative of -p**4/4 - 20*p**3/3 + 23*p**2/2 + 9*p - 4352. Calculate b(-21).
-33
Let g(l) = 2*l**2 - 16*l + 23. Suppose -4*d = -4*t + 40, -2 = -t - 0*d - d. Let s be g(t). Let h be 1*s/((-4)/4). Let p(m) = 26*m**3 - m**2. What is p(h)?
25
Suppose -2*v + 33*r - 38*r = 17, -5*r = 5*v + 5. Let s(b) be the third derivative of 5*b**4/24 + 5*b**3/6 - 6*b**2. Determine s(v).
25
Let s(m) = -2*m**3 + 9*m**2 - 5*m + 10. Let b = 1441 - 1437. What is s(b)?
6
Let z(j) = 8*j + 3 - 17 + 30*j - 31*j. Let b(d) = 4*d - 7. Let k(r) = -5*b(r) + 3*z(r). Give k(11).
4
Let g(a) = a**2 - 57*a + 539. Let d(f) = -f**3 + 8*f**2 - 34*f + 234. Let r be d(7). Let x be g(r). Let z(t) = 0 + 3 - 5 - 8*t. Determine z(x).
6
Let g = 23 + 36. Let y = g + -57. Let k(f) = 118 - 2*f - 116 - f**y - f. What is k(-3)?
2
Suppose -n = -3*r + 2*n + 12, 4*r + 4*n = 0. Suppose -r*p = 3*i + 4, 4*p + 20 = -0*p - 3*i. Let m(x) = -x**3 - 9*x**2 - 11*x - 18. Determine m(p).
6
Let p(w) be the first derivative of w**4/4 + w**3 - w**2/2 + 5*w + 22. Let n = 7 - 4. Suppose -19 = q + 3*v, n*q + 2*v + 37 = -3*v. Give p(q).
-7
Let a(i) = i**2 + 6*i. Let z(p) = p**3 + p**2 + 11. Let w be z(0). Let y be 6 - w - 2/(2 + 0). Let j be 1/1*18/y. Calculate a(j).
-9
Let l be 26/8 + 4 + (-27)/(-36). Let d(q) = q**2 - 22*q + 113. Determine d(l).
1
Let c(w) = 3*w**2 + 22*w + 30. Let u(n) = n**2 + 7*n + 10. Let a(d) = 6*c(d) - 17*u(d). Let m(l) = 4*l - 29. Let z be m(5). Give a(z).
-26
Let a(w) = -w - 1. Let k(s) = -2*s + 3. Suppose 4*z - 2*n - 16 = -n, -5*n = -5*z + 35. Let t(c) = z*a(c) - k(c). Let f = 3 - 6. Give t(f).
-3
Let b(u) = -8*u**2 - u - 2. Let n be (-2)/(6/(-15)) + -5. Suppose -3*i = 5*f - f + 6, -i + 5*f - 2 = n. Determine b(i).
-32
Let u(j) be the second derivative of j**5/30 - j**4/6 + j**3 - 15*j - 2. Let h(z) be the second derivative of u(z). Determine h(4).
12
Let b(t) be the second derivative of -t**5/20 + 5*t**4/12 + t**3/6 - 17*t**2/2 + 572*t. Give b(4).
3
Let j(l) = -l**2 - 31*l - 90. Let x(f) = 1678*f + 5004. Let g be x(-3). Calculate j(g).
-60
Let u(f) be the first derivative of f**6/180 - f**5/24 - f**4/12 + 4*f**3/3 - 2*f**2 + 36. Let g(v) be the third derivative of u(v). Give g(4).
10
Let q(z) = 6*z**2 + 11*z**2 - 6*z + 26*z**2 - 50*z**2 - 12 + 6*z**2. Let p(g) = g**2 + 8*g + 7. Let v be p(-5). What is q(v)?
-28
Let o(b) = -b**3 - 5*b**2 + 7*b - 2. Let c be (10/4)/((6/4)/3). Suppose -y - j + 5*j = 22, c*y + 34 = j. What is o(y)?
-8
Let g(k) be the first derivative of 41*k**3/3 + 2*k**2 - 4*k - 1656. Determine g(1).
41
Let s(v) be the third derivative of v**6/120 + v**5/15 - v**4/12 + 5*v**3/6 - 59*v**2 - 14. Give s(-4).
13
Let s(m) = -m**3 - 4*m**2 + 6*m + 5. Let p be 9/3 - -3*4/(-6). Let z be (-4)/(-2) - p*2 - -7. Let d = 2 - z. What is s(d)?
0
Let o(g) = 10*g**3 + 6*g + 3 - 7*g**2 - 9*g**3 + 0*g**3. What is o(5)?
-17
Let s(k) = -2*k**2 + 3*k - 4. Let o(l) = 1. Let f(c) = o(c) + s(c). Suppose -15*d + 14489 = 14444. What is f(d)?
-12
Let t(r) be the second derivative of -7*r**3/3 - 99*r**2 - 183*r - 1. What is t(-14)?
-2
Let i = -1 - 2. Let w(k) = -635*k**2 + 5*k + 6. Let u(f) = 741*f**2 - 5*f - 7. Let v(p) = -6*u(p) - 7*w(p). Calculate v(i).
6
Let q(o) = -36 - 1 + 23 + o + 11. Calculate q(6).
3
Let b(i) = 2*i - 3. Let v(j) = -2*j**3 - j**2 + 5*j + 4. Let o be v(-3). Suppose -4*z - 342 = -230. Let p = z + o. Calculate b(p).
9
Suppose -22 - 10 = 4*h + 5*b, 3*h + b - 9 = 0. Let i(p) be the second derivative of p**4/12 - 4*p**3/3 + p**2 - p. Calculate i(h).
-5
Let o(y) be the third derivative of -3*y**6/40 - y**3/6 + 392*y**2 - 2*y. Let d(x) = -x**2 - 6*x + 8. Let f be d(-7). Calculate o(f).
-10
Let i(x) be the third derivative of -x**6/120 + 7*x**5/30 + x**4/3 + 7*x**3/6 + 5316*x**2. Calculate i(14).
119
Let d(p) = p**2 + 13*p + 8. Let r be (-1)/(-3)*-8*(39 - (-2325)/(-62)). Determine d(r).
-28
Let y(z) = 4318*z**2 - z**3 - 4321*z**2 - 5*z - 17 + 16. Give y(-2).
5
Let j(r) be the second derivative of -5*r**3/3 + 223*r**2/2 - r + 347. What is j(24)?
-17
Let r(q) = 5*q**2 + 3*q - 2. Let j = 641 - 607. Let u(g) = 4*g - 134. Let x be u(j). Give r(x).
24
Let j(c) = -15*c**2 + 7*c + 34. Let p(b) = 13*b**2 - 7*b - 29. Let w(z) = -6*j(z) - 7*p(z). What is w(3)?
11
Let m(y) = y**2 - 7*y - 1. Let h(o) = -4*o**2 + 51*o + 5. Let b(g) = 2*h(g) + 15*m(g). Give b(-2).
29
Let h(s) = 13*s**3 + 52*s**2 + 19*s + 20. Let y(c) = -8*c**3 - 30*c**2 - 10*c - 10. Let b(v) = -3*h(v) - 5*y(v). Let o be (-87)/(-12) - (-2)/(-8). What is b(o)?
-10
Let j(i) = -5*i + 2. Let o(d) = d**2 + 41*d + 234. Let p be o(-34). Calculate j(p).
22
Suppose -9131 = -6*t + 3*t + j, t - 3039 = -2*j. Let h(c) = t*c + 4 - c**2 - 3040*c + 3. Give h(6).
-11
Let d(g) = g**2 + g - 8. Suppose 955*u = 968*u + 95 - 30. Calculate d(u).
12
Let h(w) = 247*w - 711*w + 241*w - 159 + 243*w. What is h(8)?
1
Let r(k) be the second derivative of k**3/6 + 4*k**2 + 8*k. Let s be 0/(7 + -9 + 5). Determine r(s).
8
Let u = 353/4308 - -1/718. Let m(g) be the second derivative of 0 + 4/3*g**3 - 2*g + 0*g**2 + u*g**4. Calculate m(-8).
0
Let i(j) = 10*j - 3. Let v be (-3)/(-3) + -2 - 3*-2. Let a(w) = -w. Let c(f) = v*a(f) + i(f). Calculate c(3).
12
Let m(j) = -j - 59. Let h be m(-53). Let p(k) = -479*k - 474*k + 952*k - 3. Determine p(h).
3
Let s(y) = 17*y**2 + 41*y - 310. Let m(b) = -6*b**2 - 15*b + 103. Let g(k) = -14*m(k) - 5*s(k). Give g(-7).
24
Let z(q) = -q**2 - q - 1. Let l = -807 - -792. Let t be 3/(-18) + l/(-90). What is z(t)?
-1
Let j(x) be the first derivative of x**6/120 - x**5/5 + x**4/24 - 17*x**3/6 - 9*x**2 + 57. Let p(k) be the second derivative of j(k). What is p(12)?
-5
Suppose a + 11 = 5*c - 44, -4*a = 2*c. Let k be (-871)/(-65) + 6/c. Suppose -4*p - k = 6. Let m(y) = y**2 + 6*y + 2. Give m(p).
-3
Let n(m) = 8*m**2 + 3. Let h(g) = -9*g**2 - 4. Let s(c) = 2*h(c) + 3*n(c). Suppose 15*u - 63 = -48. What is s(u)?
7
Let p(m) = 2*m**2 + m - 10. Let v be p(-3). Suppose 0 = -v*d + 1 + 19. Suppose d = -4*c, -6*g - 17 = -g + 2*c. Let u(b) = b**3 + 5*b**2 + 4*b + 1. Give u(g).
7
Let u(b) = -4*b - 6. Let n(y) = 7*y + 12. Suppose -7*m - 17 = -2*m + 4*g, 5*g = 2*m + 20. Let k(x) = m*u(x) - 3*n(x). What is k(5)?
-11
Let g(j) = -2*j**2 + 10*j. Let v be g(5). Suppose 32*i - 31*i - 3 = v. Let w = i - 0. Let p(x) = -2*x - 3. Give p(w).
-9
Suppose 4*z - 5*v + 9 = 0, -4*v + 2 = -3*z - 5. Let x(w) = -23*w**2 + 1. Let s(r) = -4*r**2. Let u(l) = 5*s(l) - x(l). What is u(z)?
2
Let f(p) = 0 - 2*p**2 + 0*p**2 + 3*p - p**3 + 3. Let l = -161 + 168. Suppose -23*u + l*u - 32 = 0. Calculate f(u).
-3
Let a(f) be the second derivative of f**5/20 - f**4/2 - 4*f**3/3 - 3*f**2/2 - 72*f + 2. Let n be -5*1*(2 + 85/(-25)). Determine a(n).
-10
Suppose -4*b - 858 - 218 = 0. Let i = b + 278. Let f(c) = -c**3 + 9*c**2 + 2*c - 11. What is f(i)?
7
Let q(f) 